{"id":9,"date":"2026-04-07T21:11:53","date_gmt":"2026-04-07T21:11:53","guid":{"rendered":"https:\/\/mexicocar.insure\/?page_id=9"},"modified":"2026-04-08T00:07:50","modified_gmt":"2026-04-08T00:07:50","slug":"qualitas-insurance","status":"publish","type":"page","link":"https:\/\/mexicocar.insure\/","title":{"rendered":"Qu\u00e1litas Insurance"},"content":{"rendered":"\t\t<div data-elementor-type=\"wp-page\" data-elementor-id=\"9\" class=\"elementor elementor-9\" data-elementor-post-type=\"page\">\n\t\t\t\t<div class=\"elementor-element elementor-element-0c3d3a4 e-con-full e-flex e-con e-parent\" data-id=\"0c3d3a4\" data-element_type=\"container\" data-e-type=\"container\" data-settings=\"{&quot;background_background&quot;:&quot;slideshow&quot;,&quot;background_slideshow_gallery&quot;:[{&quot;id&quot;:12,&quot;url&quot;:&quot;https:\\\/\\\/mexicocar.insure\\\/wp-content\\\/uploads\\\/2026\\\/04\\\/LandingPage-backgroundmap-scaled.png&quot;}],&quot;background_slideshow_loop&quot;:&quot;yes&quot;,&quot;background_slideshow_slide_duration&quot;:5000,&quot;background_slideshow_slide_transition&quot;:&quot;fade&quot;,&quot;background_slideshow_transition_duration&quot;:500}\">\n\t\t\t\t<div class=\"elementor-element elementor-element-c535e9f elementor-widget elementor-widget-heading\" data-id=\"c535e9f\" data-element_type=\"widget\" data-e-type=\"widget\" data-widget_type=\"heading.default\">\n\t\t\t\t\t<h2 class=\"elementor-heading-title elementor-size-default\">Protege tu auto, <br>\nViaja sin fronteras<\/h2>\t\t\t\t<\/div>\n\t\t\t\t<div class=\"elementor-element elementor-element-9923ab2 elementor-align-center elementor-widget elementor-widget-button\" data-id=\"9923ab2\" data-element_type=\"widget\" data-e-type=\"widget\" data-widget_type=\"button.default\">\n\t\t\t\t\t\t\t\t\t\t<a class=\"elementor-button elementor-button-link elementor-size-sm\" href=\"https:\/\/turistas.qualitasinsurance.com\/696?lang=en\" target=\"_blank\">\n\t\t\t\t\t\t<span class=\"elementor-button-content-wrapper\">\n\t\t\t\t\t\t\t\t\t<span class=\"elementor-button-text\">COTIZA AHORA<\/span>\n\t\t\t\t\t<\/span>\n\t\t\t\t\t<\/a>\n\t\t\t\t\t\t\t\t<\/div>\n\t\t\t\t<\/div>\n\t\t<div class=\"elementor-element elementor-element-93f8817 e-flex e-con-boxed e-con e-parent\" data-id=\"93f8817\" data-element_type=\"container\" data-e-type=\"container\">\n\t\t\t\t\t<div class=\"e-con-inner\">\n\t\t\t\t<div class=\"elementor-element elementor-element-0f4bb81 elementor-widget elementor-widget-heading\" data-id=\"0f4bb81\" data-element_type=\"widget\" data-e-type=\"widget\" data-widget_type=\"heading.default\">\n\t\t\t\t\t<h2 class=\"elementor-heading-title elementor-size-default\">Una nueva forma de adquirir tu seguro\nturista con Qu\u00e1litas<\/h2>\t\t\t\t<\/div>\n\t\t<div class=\"elementor-element elementor-element-52e16b7 e-grid e-con-full e-con e-child\" data-id=\"52e16b7\" data-element_type=\"container\" data-e-type=\"container\">\n\t\t\t\t<div class=\"elementor-element elementor-element-33b3fcc elementor-position-top elementor-widget elementor-widget-image-box\" data-id=\"33b3fcc\" data-element_type=\"widget\" data-e-type=\"widget\" data-widget_type=\"image-box.default\">\n\t\t\t\t\t<div class=\"elementor-image-box-wrapper\"><figure class=\"elementor-image-box-img\"><img fetchpriority=\"high\" decoding=\"async\" width=\"250\" height=\"250\" src=\"https:\/\/mexicocar.insure\/wp-content\/uploads\/2026\/04\/QIC-Website-Page2-icons-06.987cb79c.png\" class=\"attachment-full size-full wp-image-14\" alt=\"\" srcset=\"https:\/\/mexicocar.insure\/wp-content\/uploads\/2026\/04\/QIC-Website-Page2-icons-06.987cb79c.png 250w, https:\/\/mexicocar.insure\/wp-content\/uploads\/2026\/04\/QIC-Website-Page2-icons-06.987cb79c-150x150.png 150w\" sizes=\"(max-width: 250px) 100vw, 250px\" \/><\/figure><div class=\"elementor-image-box-content\"><h3 class=\"elementor-image-box-title\">Reporte de accidentes 24\/7<\/h3><p class=\"elementor-image-box-description\">V\u00eda telef\u00f3nica 24\/7 en ingl\u00e9s o espa\u00f1ol en ambos lados de la frontera.<\/p><\/div><\/div>\t\t\t\t<\/div>\n\t\t\t\t<div class=\"elementor-element elementor-element-30fb2b6 elementor-position-top elementor-widget elementor-widget-image-box\" data-id=\"30fb2b6\" data-element_type=\"widget\" data-e-type=\"widget\" data-widget_type=\"image-box.default\">\n\t\t\t\t\t<div class=\"elementor-image-box-wrapper\"><figure class=\"elementor-image-box-img\"><img decoding=\"async\" width=\"250\" height=\"250\" src=\"https:\/\/mexicocar.insure\/wp-content\/uploads\/2026\/04\/QIC-Website-Page2-icons-09.3336a183.png\" class=\"attachment-full size-full wp-image-16\" alt=\"\" srcset=\"https:\/\/mexicocar.insure\/wp-content\/uploads\/2026\/04\/QIC-Website-Page2-icons-09.3336a183.png 250w, https:\/\/mexicocar.insure\/wp-content\/uploads\/2026\/04\/QIC-Website-Page2-icons-09.3336a183-150x150.png 150w\" sizes=\"(max-width: 250px) 100vw, 250px\" \/><\/figure><div class=\"elementor-image-box-content\"><h3 class=\"elementor-image-box-title\">Qu\u00e1litas al alcance de tu mano<\/h3><p class=\"elementor-image-box-description\">Con nuestra aplicaci\u00f3n reporta siniestros, solicita asistencia en carretera en ingl\u00e9s y espa\u00f1ol.<\/p><\/div><\/div>\t\t\t\t<\/div>\n\t\t\t\t<div class=\"elementor-element elementor-element-4fd322d elementor-position-top elementor-widget elementor-widget-image-box\" data-id=\"4fd322d\" data-element_type=\"widget\" data-e-type=\"widget\" data-widget_type=\"image-box.default\">\n\t\t\t\t\t<div class=\"elementor-image-box-wrapper\"><figure class=\"elementor-image-box-img\"><img decoding=\"async\" width=\"250\" height=\"250\" src=\"https:\/\/mexicocar.insure\/wp-content\/uploads\/2026\/04\/QIC-Website-Page2-icons-09.3336a183.png\" class=\"attachment-full size-full wp-image-16\" alt=\"\" srcset=\"https:\/\/mexicocar.insure\/wp-content\/uploads\/2026\/04\/QIC-Website-Page2-icons-09.3336a183.png 250w, https:\/\/mexicocar.insure\/wp-content\/uploads\/2026\/04\/QIC-Website-Page2-icons-09.3336a183-150x150.png 150w\" sizes=\"(max-width: 250px) 100vw, 250px\" \/><\/figure><div class=\"elementor-image-box-content\"><h3 class=\"elementor-image-box-title\">Qu\u00e1litas al alcance de tu mano<\/h3><p class=\"elementor-image-box-description\">Con nuestra aplicaci\u00f3n reporta siniestros, solicita asistencia en carretera en ingl\u00e9s y espa\u00f1ol.<\/p><\/div><\/div>\t\t\t\t<\/div>\n\t\t\t\t<div class=\"elementor-element elementor-element-1391f08 elementor-position-top elementor-widget elementor-widget-image-box\" data-id=\"1391f08\" data-element_type=\"widget\" data-e-type=\"widget\" data-widget_type=\"image-box.default\">\n\t\t\t\t\t<div class=\"elementor-image-box-wrapper\"><figure class=\"elementor-image-box-img\"><img decoding=\"async\" width=\"250\" height=\"250\" src=\"https:\/\/mexicocar.insure\/wp-content\/uploads\/2026\/04\/QIC-Website-Page2-icons-08.511ba695.png\" class=\"attachment-full size-full wp-image-15\" alt=\"\" srcset=\"https:\/\/mexicocar.insure\/wp-content\/uploads\/2026\/04\/QIC-Website-Page2-icons-08.511ba695.png 250w, https:\/\/mexicocar.insure\/wp-content\/uploads\/2026\/04\/QIC-Website-Page2-icons-08.511ba695-150x150.png 150w\" sizes=\"(max-width: 250px) 100vw, 250px\" \/><\/figure><div class=\"elementor-image-box-content\"><h3 class=\"elementor-image-box-title\">Asistencia en tu viaje<\/h3><p class=\"elementor-image-box-description\">Por aver\u00eda mec\u00e1nica o accidente.<\/p><\/div><\/div>\t\t\t\t<\/div>\n\t\t\t\t<\/div>\n\t\t\t\t\t<\/div>\n\t\t\t\t<\/div>\n\t\t<div class=\"elementor-element elementor-element-a770bcf e-flex e-con-boxed e-con e-parent\" data-id=\"a770bcf\" data-element_type=\"container\" data-e-type=\"container\">\n\t\t\t\t\t<div class=\"e-con-inner\">\n\t\t\t\t<div class=\"elementor-element elementor-element-29324ec elementor-widget elementor-widget-heading\" data-id=\"29324ec\" data-element_type=\"widget\" data-e-type=\"widget\" data-widget_type=\"heading.default\">\n\t\t\t\t\t<h2 class=\"elementor-heading-title elementor-size-default\">\u00bfQu\u00e9 te cubrimos?<\/h2>\t\t\t\t<\/div>\n\t\t<div class=\"elementor-element elementor-element-69f01e4 e-grid e-con-full e-con e-child\" data-id=\"69f01e4\" data-element_type=\"container\" data-e-type=\"container\">\n\t\t\t\t<div class=\"elementor-element elementor-element-9f30a69 elementor-position-top elementor-widget elementor-widget-image-box\" data-id=\"9f30a69\" data-element_type=\"widget\" data-e-type=\"widget\" data-widget_type=\"image-box.default\">\n\t\t\t\t\t<div class=\"elementor-image-box-wrapper\"><figure class=\"elementor-image-box-img\"><img loading=\"lazy\" decoding=\"async\" width=\"250\" height=\"250\" src=\"https:\/\/mexicocar.insure\/wp-content\/uploads\/2026\/04\/QIC-Website-Page3-icons-12.f1133faa.png\" class=\"attachment-full size-full wp-image-18\" alt=\"\" srcset=\"https:\/\/mexicocar.insure\/wp-content\/uploads\/2026\/04\/QIC-Website-Page3-icons-12.f1133faa.png 250w, https:\/\/mexicocar.insure\/wp-content\/uploads\/2026\/04\/QIC-Website-Page3-icons-12.f1133faa-150x150.png 150w\" sizes=\"(max-width: 250px) 100vw, 250px\" \/><\/figure><div class=\"elementor-image-box-content\"><h3 class=\"elementor-image-box-title\">\u00bfTe dej\u00f3 tirado tu auto?<\/h3><p class=\"elementor-image-box-description\">Te mandamos gr\u00faa, gasolina, te pasamos corriente, cambiamos tu llanta.<\/p><\/div><\/div>\t\t\t\t<\/div>\n\t\t\t\t<div class=\"elementor-element elementor-element-5195c65 elementor-position-top elementor-widget elementor-widget-image-box\" data-id=\"5195c65\" data-element_type=\"widget\" data-e-type=\"widget\" data-widget_type=\"image-box.default\">\n\t\t\t\t\t<div class=\"elementor-image-box-wrapper\"><figure class=\"elementor-image-box-img\"><img loading=\"lazy\" decoding=\"async\" width=\"250\" height=\"250\" src=\"https:\/\/mexicocar.insure\/wp-content\/uploads\/2026\/04\/QIC-Website-Page3-icons-15.fe40b01e.png\" class=\"attachment-full size-full wp-image-19\" alt=\"\" srcset=\"https:\/\/mexicocar.insure\/wp-content\/uploads\/2026\/04\/QIC-Website-Page3-icons-15.fe40b01e.png 250w, https:\/\/mexicocar.insure\/wp-content\/uploads\/2026\/04\/QIC-Website-Page3-icons-15.fe40b01e-150x150.png 150w\" sizes=\"(max-width: 250px) 100vw, 250px\" \/><\/figure><div class=\"elementor-image-box-content\"><h3 class=\"elementor-image-box-title\">\u00bfCausaste da\u00f1os?<\/h3><p class=\"elementor-image-box-description\">Te respaldamos legalmente.<\/p><\/div><\/div>\t\t\t\t<\/div>\n\t\t\t\t<div class=\"elementor-element elementor-element-fda827d elementor-position-top elementor-widget elementor-widget-image-box\" data-id=\"fda827d\" data-element_type=\"widget\" data-e-type=\"widget\" data-widget_type=\"image-box.default\">\n\t\t\t\t\t<div class=\"elementor-image-box-wrapper\"><figure class=\"elementor-image-box-img\"><img loading=\"lazy\" decoding=\"async\" width=\"250\" height=\"250\" src=\"https:\/\/mexicocar.insure\/wp-content\/uploads\/2026\/04\/QIC-Website-Page3-icons-16.5d3537fe.png\" class=\"attachment-full size-full wp-image-20\" alt=\"\" srcset=\"https:\/\/mexicocar.insure\/wp-content\/uploads\/2026\/04\/QIC-Website-Page3-icons-16.5d3537fe.png 250w, https:\/\/mexicocar.insure\/wp-content\/uploads\/2026\/04\/QIC-Website-Page3-icons-16.5d3537fe-150x150.png 150w\" sizes=\"(max-width: 250px) 100vw, 250px\" \/><\/figure><div class=\"elementor-image-box-content\"><h3 class=\"elementor-image-box-title\">Te protegemos a ti y a tu familiaal alcance de tu mano<\/h3><p class=\"elementor-image-box-description\">\nT\u00fa y las personas que vienen en tu auto cuentan con protecci\u00f3n de gastos m\u00e9dicos derivado de un accidente.<\/p><\/div><\/div>\t\t\t\t<\/div>\n\t\t\t\t<\/div>\n\t\t\t\t\t<\/div>\n\t\t\t\t<\/div>\n\t\t\t\t<\/div>\n\t\t","protected":false},"excerpt":{"rendered":"<p>Protege tu auto, Viaja sin fronteras COTIZA AHORA Una nueva forma de adquirir tu seguro turista con Qu\u00e1litas Reporte de accidentes 24\/7 V\u00eda telef\u00f3nica 24\/7 en ingl\u00e9s o espa\u00f1ol en ambos lados de la frontera. Qu\u00e1litas al alcance de tu mano Con nuestra aplicaci\u00f3n reporta siniestros, solicita asistencia en carretera en ingl\u00e9s y espa\u00f1ol. Qu\u00e1litas [&hellip;]<\/p>\n","protected":false},"author":1,"featured_media":0,"parent":0,"menu_order":0,"comment_status":"closed","ping_status":"closed","template":"elementor_header_footer","meta":{"footnotes":""},"class_list":["post-9","page","type-page","status-publish","hentry"],"yoast_head":"<!-- This site is optimized with the Yoast SEO plugin v27.3 - https:\/\/yoast.com\/product\/yoast-seo-wordpress\/ -->\n<title>Qu\u00e1litas Insurance - Mexico Car Insure<\/title>\n<meta name=\"robots\" content=\"index, follow, max-snippet:-1, max-image-preview:large, max-video-preview:-1\" \/>\n<link rel=\"canonical\" href=\"https:\/\/mexicocar.insure\/\" \/>\n<meta property=\"og:locale\" content=\"en_US\" \/>\n<meta property=\"og:type\" content=\"article\" \/>\n<meta property=\"og:title\" content=\"Qu\u00e1litas Insurance - Mexico Car Insure\" \/>\n<meta property=\"og:description\" content=\"Protege tu auto, Viaja sin fronteras COTIZA AHORA Una nueva forma de adquirir tu seguro turista con Qu\u00e1litas Reporte de accidentes 24\/7 V\u00eda telef\u00f3nica 24\/7 en ingl\u00e9s o espa\u00f1ol en ambos lados de la frontera. Qu\u00e1litas al alcance de tu mano Con nuestra aplicaci\u00f3n reporta siniestros, solicita asistencia en carretera en ingl\u00e9s y espa\u00f1ol. Qu\u00e1litas [&hellip;]\" \/>\n<meta property=\"og:url\" content=\"https:\/\/mexicocar.insure\/\" \/>\n<meta property=\"og:site_name\" content=\"Mexico Car Insure\" \/>\n<meta property=\"article:modified_time\" content=\"2026-04-08T00:07:50+00:00\" \/>\n<meta property=\"og:image\" content=\"https:\/\/mexicocar.insure\/wp-content\/uploads\/2026\/04\/QIC-Website-Page2-icons-06.987cb79c.png\" \/>\n\t<meta property=\"og:image:width\" content=\"250\" \/>\n\t<meta property=\"og:image:height\" content=\"250\" \/>\n\t<meta property=\"og:image:type\" content=\"image\/png\" \/>\n<meta name=\"twitter:card\" content=\"summary_large_image\" \/>\n<meta name=\"twitter:label1\" content=\"Est. reading time\" \/>\n\t<meta name=\"twitter:data1\" content=\"2 minutes\" \/>\n<script type=\"application\/ld+json\" class=\"yoast-schema-graph\">{\"@context\":\"https:\\\/\\\/schema.org\",\"@graph\":[{\"@type\":\"WebPage\",\"@id\":\"https:\\\/\\\/mexicocar.insure\\\/\",\"url\":\"https:\\\/\\\/mexicocar.insure\\\/\",\"name\":\"Qu\u00e1litas Insurance - Mexico Car Insure\",\"isPartOf\":{\"@id\":\"https:\\\/\\\/mexicocar.insure\\\/#website\"},\"primaryImageOfPage\":{\"@id\":\"https:\\\/\\\/mexicocar.insure\\\/#primaryimage\"},\"image\":{\"@id\":\"https:\\\/\\\/mexicocar.insure\\\/#primaryimage\"},\"thumbnailUrl\":\"https:\\\/\\\/mexicocar.insure\\\/wp-content\\\/uploads\\\/2026\\\/04\\\/QIC-Website-Page2-icons-06.987cb79c.png\",\"datePublished\":\"2026-04-07T21:11:53+00:00\",\"dateModified\":\"2026-04-08T00:07:50+00:00\",\"breadcrumb\":{\"@id\":\"https:\\\/\\\/mexicocar.insure\\\/#breadcrumb\"},\"inLanguage\":\"en-US\",\"potentialAction\":[{\"@type\":\"ReadAction\",\"target\":[\"https:\\\/\\\/mexicocar.insure\\\/\"]}]},{\"@type\":\"ImageObject\",\"inLanguage\":\"en-US\",\"@id\":\"https:\\\/\\\/mexicocar.insure\\\/#primaryimage\",\"url\":\"https:\\\/\\\/mexicocar.insure\\\/wp-content\\\/uploads\\\/2026\\\/04\\\/QIC-Website-Page2-icons-06.987cb79c.png\",\"contentUrl\":\"https:\\\/\\\/mexicocar.insure\\\/wp-content\\\/uploads\\\/2026\\\/04\\\/QIC-Website-Page2-icons-06.987cb79c.png\",\"width\":250,\"height\":250},{\"@type\":\"BreadcrumbList\",\"@id\":\"https:\\\/\\\/mexicocar.insure\\\/#breadcrumb\",\"itemListElement\":[{\"@type\":\"ListItem\",\"position\":1,\"name\":\"Home\",\"item\":\"https:\\\/\\\/mexicocar.insure\\\/\"},{\"@type\":\"ListItem\",\"position\":2,\"name\":\"Qu\u00e1litas Insurance\"}]},{\"@type\":\"WebSite\",\"@id\":\"https:\\\/\\\/mexicocar.insure\\\/#website\",\"url\":\"https:\\\/\\\/mexicocar.insure\\\/\",\"name\":\"Mexico Car Insure\",\"description\":\"\",\"publisher\":{\"@id\":\"https:\\\/\\\/mexicocar.insure\\\/#organization\"},\"potentialAction\":[{\"@type\":\"SearchAction\",\"target\":{\"@type\":\"EntryPoint\",\"urlTemplate\":\"https:\\\/\\\/mexicocar.insure\\\/?s={search_term_string}\"},\"query-input\":{\"@type\":\"PropertyValueSpecification\",\"valueRequired\":true,\"valueName\":\"search_term_string\"}}],\"inLanguage\":\"en-US\"},{\"@type\":\"Organization\",\"@id\":\"https:\\\/\\\/mexicocar.insure\\\/#organization\",\"name\":\"Mexico Car Insure\",\"url\":\"https:\\\/\\\/mexicocar.insure\\\/\",\"logo\":{\"@type\":\"ImageObject\",\"inLanguage\":\"en-US\",\"@id\":\"https:\\\/\\\/mexicocar.insure\\\/#\\\/schema\\\/logo\\\/image\\\/\",\"url\":\"https:\\\/\\\/mexicocar.insure\\\/wp-content\\\/uploads\\\/2026\\\/04\\\/LogoQualitasLandingPageEs.webp\",\"contentUrl\":\"https:\\\/\\\/mexicocar.insure\\\/wp-content\\\/uploads\\\/2026\\\/04\\\/LogoQualitasLandingPageEs.webp\",\"width\":444,\"height\":123,\"caption\":\"Mexico Car Insure\"},\"image\":{\"@id\":\"https:\\\/\\\/mexicocar.insure\\\/#\\\/schema\\\/logo\\\/image\\\/\"}}]}<\/script>\n<!-- \/ Yoast SEO plugin. -->","yoast_head_json":{"title":"Qu\u00e1litas Insurance - Mexico Car Insure","robots":{"index":"index","follow":"follow","max-snippet":"max-snippet:-1","max-image-preview":"max-image-preview:large","max-video-preview":"max-video-preview:-1"},"canonical":"https:\/\/mexicocar.insure\/","og_locale":"en_US","og_type":"article","og_title":"Qu\u00e1litas Insurance - Mexico Car Insure","og_description":"Protege tu auto, Viaja sin fronteras COTIZA AHORA Una nueva forma de adquirir tu seguro turista con Qu\u00e1litas Reporte de accidentes 24\/7 V\u00eda telef\u00f3nica 24\/7 en ingl\u00e9s o espa\u00f1ol en ambos lados de la frontera. Qu\u00e1litas al alcance de tu mano Con nuestra aplicaci\u00f3n reporta siniestros, solicita asistencia en carretera en ingl\u00e9s y espa\u00f1ol. Qu\u00e1litas [&hellip;]","og_url":"https:\/\/mexicocar.insure\/","og_site_name":"Mexico Car Insure","article_modified_time":"2026-04-08T00:07:50+00:00","og_image":[{"width":250,"height":250,"url":"https:\/\/mexicocar.insure\/wp-content\/uploads\/2026\/04\/QIC-Website-Page2-icons-06.987cb79c.png","type":"image\/png"}],"twitter_card":"summary_large_image","twitter_misc":{"Est. reading time":"2 minutes"},"schema":{"@context":"https:\/\/schema.org","@graph":[{"@type":"WebPage","@id":"https:\/\/mexicocar.insure\/","url":"https:\/\/mexicocar.insure\/","name":"Qu\u00e1litas Insurance - Mexico Car Insure","isPartOf":{"@id":"https:\/\/mexicocar.insure\/#website"},"primaryImageOfPage":{"@id":"https:\/\/mexicocar.insure\/#primaryimage"},"image":{"@id":"https:\/\/mexicocar.insure\/#primaryimage"},"thumbnailUrl":"https:\/\/mexicocar.insure\/wp-content\/uploads\/2026\/04\/QIC-Website-Page2-icons-06.987cb79c.png","datePublished":"2026-04-07T21:11:53+00:00","dateModified":"2026-04-08T00:07:50+00:00","breadcrumb":{"@id":"https:\/\/mexicocar.insure\/#breadcrumb"},"inLanguage":"en-US","potentialAction":[{"@type":"ReadAction","target":["https:\/\/mexicocar.insure\/"]}]},{"@type":"ImageObject","inLanguage":"en-US","@id":"https:\/\/mexicocar.insure\/#primaryimage","url":"https:\/\/mexicocar.insure\/wp-content\/uploads\/2026\/04\/QIC-Website-Page2-icons-06.987cb79c.png","contentUrl":"https:\/\/mexicocar.insure\/wp-content\/uploads\/2026\/04\/QIC-Website-Page2-icons-06.987cb79c.png","width":250,"height":250},{"@type":"BreadcrumbList","@id":"https:\/\/mexicocar.insure\/#breadcrumb","itemListElement":[{"@type":"ListItem","position":1,"name":"Home","item":"https:\/\/mexicocar.insure\/"},{"@type":"ListItem","position":2,"name":"Qu\u00e1litas Insurance"}]},{"@type":"WebSite","@id":"https:\/\/mexicocar.insure\/#website","url":"https:\/\/mexicocar.insure\/","name":"Mexico Car Insure","description":"","publisher":{"@id":"https:\/\/mexicocar.insure\/#organization"},"potentialAction":[{"@type":"SearchAction","target":{"@type":"EntryPoint","urlTemplate":"https:\/\/mexicocar.insure\/?s={search_term_string}"},"query-input":{"@type":"PropertyValueSpecification","valueRequired":true,"valueName":"search_term_string"}}],"inLanguage":"en-US"},{"@type":"Organization","@id":"https:\/\/mexicocar.insure\/#organization","name":"Mexico Car Insure","url":"https:\/\/mexicocar.insure\/","logo":{"@type":"ImageObject","inLanguage":"en-US","@id":"https:\/\/mexicocar.insure\/#\/schema\/logo\/image\/","url":"https:\/\/mexicocar.insure\/wp-content\/uploads\/2026\/04\/LogoQualitasLandingPageEs.webp","contentUrl":"https:\/\/mexicocar.insure\/wp-content\/uploads\/2026\/04\/LogoQualitasLandingPageEs.webp","width":444,"height":123,"caption":"Mexico Car Insure"},"image":{"@id":"https:\/\/mexicocar.insure\/#\/schema\/logo\/image\/"}}]}},"_links":{"self":[{"href":"https:\/\/mexicocar.insure\/index.php?rest_route=\/wp\/v2\/pages\/9","targetHints":{"allow":["GET"]}}],"collection":[{"href":"https:\/\/mexicocar.insure\/index.php?rest_route=\/wp\/v2\/pages"}],"about":[{"href":"https:\/\/mexicocar.insure\/index.php?rest_route=\/wp\/v2\/types\/page"}],"author":[{"embeddable":true,"href":"https:\/\/mexicocar.insure\/index.php?rest_route=\/wp\/v2\/users\/1"}],"replies":[{"embeddable":true,"href":"https:\/\/mexicocar.insure\/index.php?rest_route=%2Fwp%2Fv2%2Fcomments&post=9"}],"version-history":[{"count":10,"href":"https:\/\/mexicocar.insure\/index.php?rest_route=\/wp\/v2\/pages\/9\/revisions"}],"predecessor-version":[{"id":44,"href":"https:\/\/mexicocar.insure\/index.php?rest_route=\/wp\/v2\/pages\/9\/revisions\/44"}],"wp:attachment":[{"href":"https:\/\/mexicocar.insure\/index.php?rest_route=%2Fwp%2Fv2%2Fmedia&parent=9"}],"curies":[{"name":"wp","href":"https:\/\/api.w.org\/{rel}","templated":true}]}}